{"id":197,"date":"2020-06-14T19:48:55","date_gmt":"2020-06-14T17:48:55","guid":{"rendered":"https:\/\/geographic-cafe.com\/?page_id=197"},"modified":"2021-12-30T17:33:07","modified_gmt":"2021-12-30T16:33:07","slug":"bouteilles-futs","status":"publish","type":"page","link":"https:\/\/geographic-cafe.com\/index.php\/menu\/bouteilles-futs\/","title":{"rendered":"Bouteilles \/ F\u00fbts"},"content":{"rendered":"\n<figure class=\"wp-block-table\"><table><tbody><tr><td><\/td><td>\u20ac<\/td><\/tr><tr><td>Bouteille Barbe \u00e0 Gaby 50cl<\/td><td>25,00<\/td><\/tr><tr><td>Bouteille Woodberries 1L<\/td><td>35,00<\/td><\/tr><tr><td>Bouteille Get 27 1L<\/td><td>45,00<\/td><\/tr><tr><td>Bouteille Blanc + soft 1L<\/td><td>45,00<\/td><\/tr><tr><td>Bouteille Manzana + soft 1L<\/td><td>45,00<\/td><\/tr><tr><td>Bouteille ap\u00e9ro 70 cl + soft<\/td><td>50,00<\/td><\/tr><tr><td>Bouteille ap\u00e9ro 1 L + soft 1L<\/td><td>60,00<\/td><\/tr><tr><td>Bouteille alcool 70 cl + soft 1L<\/td><td>65,00<\/td><\/tr><tr><td>Bouteille alcool 70 cl + 4 RB<\/td><td>70,00<\/td><\/tr><tr><td>Bouteille alcool 1 L + soft 1L<\/td><td>75,00<\/td><\/tr><tr><td>Bouteille alcool 1 L + 6 R.Bull<\/td><td>80,00<\/td><\/tr><tr><td><\/td><td><\/td><\/tr><tr><td>Champagne (Blanc\/Ros\u00e9)<\/td><td>75,00<\/td><\/tr><tr><td><\/td><td><\/td><\/tr><tr><td>F\u00fbt Jupiler (180 bi\u00e8res)<\/td><td>275,00<\/td><\/tr><tr><td>F\u00fbt P\u00eacheresse (90 bi\u00e8res)<\/td><td>230,00<\/td><\/tr><\/tbody><\/table><\/figure>\n\n\n\n<p class=\"has-text-align-center\"><a href=\"https:\/\/geographic-cafe.com\/index.php\/menu\/\">Retour<\/a><\/p>\n","protected":false},"excerpt":{"rendered":"<p>\u20ac Bouteille Barbe \u00e0 Gaby 50cl 25,00 Bouteille Woodberries 1L 35,00 Bouteille Get 27 1L 45,00 Bouteille Blanc + soft 1L 45,00 Bouteille Manzana + soft 1L 45,00 Bouteille ap\u00e9ro 70 cl + soft 50,00 Bouteille ap\u00e9ro 1 L + soft 1L 60,00 Bouteille alcool 70 cl + soft 1L 65,00 Bouteille alcool 70 cl&#8230;<\/p>\n","protected":false},"author":1,"featured_media":0,"parent":94,"menu_order":0,"comment_status":"closed","ping_status":"closed","template":"","meta":{"footnotes":""},"class_list":["post-197","page","type-page","status-publish","hentry"],"yoast_head":"<!-- This site is optimized with the Yoast SEO plugin v21.5 - https:\/\/yoast.com\/wordpress\/plugins\/seo\/ -->\n<title>Bouteilles \/ F\u00fbts - Geographic Caf\u00e9<\/title>\n<meta name=\"robots\" content=\"index, follow, max-snippet:-1, max-image-preview:large, max-video-preview:-1\" \/>\n<link rel=\"canonical\" href=\"https:\/\/geographic-cafe.com\/index.php\/menu\/bouteilles-futs\/\" \/>\n<meta property=\"og:locale\" content=\"fr_FR\" \/>\n<meta property=\"og:type\" content=\"article\" \/>\n<meta property=\"og:title\" content=\"Bouteilles \/ F\u00fbts - Geographic Caf\u00e9\" \/>\n<meta property=\"og:description\" content=\"\u20ac Bouteille Barbe \u00e0 Gaby 50cl 25,00 Bouteille Woodberries 1L 35,00 Bouteille Get 27 1L 45,00 Bouteille Blanc + soft 1L 45,00 Bouteille Manzana + soft 1L 45,00 Bouteille ap\u00e9ro 70 cl + soft 50,00 Bouteille ap\u00e9ro 1 L + soft 1L 60,00 Bouteille alcool 70 cl + soft 1L 65,00 Bouteille alcool 70 cl...\" \/>\n<meta property=\"og:url\" content=\"https:\/\/geographic-cafe.com\/index.php\/menu\/bouteilles-futs\/\" \/>\n<meta property=\"og:site_name\" content=\"Geographic Caf\u00e9\" \/>\n<meta property=\"article:publisher\" content=\"https:\/\/www.facebook.com\/GeographicCafe\" \/>\n<meta property=\"article:modified_time\" content=\"2021-12-30T16:33:07+00:00\" \/>\n<meta property=\"og:image\" content=\"https:\/\/geographic-cafe.com\/wp-content\/uploads\/2019\/07\/GEO_icon-1.png\" \/>\n\t<meta property=\"og:image:width\" content=\"512\" \/>\n\t<meta property=\"og:image:height\" content=\"512\" \/>\n\t<meta property=\"og:image:type\" content=\"image\/png\" \/>\n<meta name=\"twitter:card\" content=\"summary_large_image\" \/>\n<meta name=\"twitter:label1\" content=\"Dur\u00e9e de lecture estim\u00e9e\" \/>\n\t<meta name=\"twitter:data1\" content=\"1 minute\" \/>\n<script type=\"application\/ld+json\" class=\"yoast-schema-graph\">{\"@context\":\"https:\/\/schema.org\",\"@graph\":[{\"@type\":\"WebPage\",\"@id\":\"https:\/\/geographic-cafe.com\/index.php\/menu\/bouteilles-futs\/\",\"url\":\"https:\/\/geographic-cafe.com\/index.php\/menu\/bouteilles-futs\/\",\"name\":\"Bouteilles \/ F\u00fbts - Geographic Caf\u00e9\",\"isPartOf\":{\"@id\":\"https:\/\/geographic-cafe.com\/#website\"},\"datePublished\":\"2020-06-14T17:48:55+00:00\",\"dateModified\":\"2021-12-30T16:33:07+00:00\",\"breadcrumb\":{\"@id\":\"https:\/\/geographic-cafe.com\/index.php\/menu\/bouteilles-futs\/#breadcrumb\"},\"inLanguage\":\"fr-FR\",\"potentialAction\":[{\"@type\":\"ReadAction\",\"target\":[\"https:\/\/geographic-cafe.com\/index.php\/menu\/bouteilles-futs\/\"]}]},{\"@type\":\"BreadcrumbList\",\"@id\":\"https:\/\/geographic-cafe.com\/index.php\/menu\/bouteilles-futs\/#breadcrumb\",\"itemListElement\":[{\"@type\":\"ListItem\",\"position\":1,\"name\":\"Accueil\",\"item\":\"https:\/\/geographic-cafe.com\/\"},{\"@type\":\"ListItem\",\"position\":2,\"name\":\"MENU\",\"item\":\"https:\/\/geographic-cafe.com\/index.php\/menu\/\"},{\"@type\":\"ListItem\",\"position\":3,\"name\":\"Bouteilles \/ F\u00fbts\"}]},{\"@type\":\"WebSite\",\"@id\":\"https:\/\/geographic-cafe.com\/#website\",\"url\":\"https:\/\/geographic-cafe.com\/\",\"name\":\"Geographic Caf\u00e9\",\"description\":\"#NOGEONOFUN\",\"publisher\":{\"@id\":\"https:\/\/geographic-cafe.com\/#organization\"},\"potentialAction\":[{\"@type\":\"SearchAction\",\"target\":{\"@type\":\"EntryPoint\",\"urlTemplate\":\"https:\/\/geographic-cafe.com\/?s={search_term_string}\"},\"query-input\":\"required name=search_term_string\"}],\"inLanguage\":\"fr-FR\"},{\"@type\":\"Organization\",\"@id\":\"https:\/\/geographic-cafe.com\/#organization\",\"name\":\"GEOGRAPHIC CAFE\",\"url\":\"https:\/\/geographic-cafe.com\/\",\"logo\":{\"@type\":\"ImageObject\",\"inLanguage\":\"fr-FR\",\"@id\":\"https:\/\/geographic-cafe.com\/#\/schema\/logo\/image\/\",\"url\":\"https:\/\/geographic-cafe.com\/wp-content\/uploads\/2019\/07\/GEO_icon-1.png\",\"contentUrl\":\"https:\/\/geographic-cafe.com\/wp-content\/uploads\/2019\/07\/GEO_icon-1.png\",\"width\":512,\"height\":512,\"caption\":\"GEOGRAPHIC CAFE\"},\"image\":{\"@id\":\"https:\/\/geographic-cafe.com\/#\/schema\/logo\/image\/\"},\"sameAs\":[\"https:\/\/www.facebook.com\/GeographicCafe\"]}]}<\/script>\n<!-- \/ Yoast SEO plugin. -->","yoast_head_json":{"title":"Bouteilles \/ F\u00fbts - Geographic Caf\u00e9","robots":{"index":"index","follow":"follow","max-snippet":"max-snippet:-1","max-image-preview":"max-image-preview:large","max-video-preview":"max-video-preview:-1"},"canonical":"https:\/\/geographic-cafe.com\/index.php\/menu\/bouteilles-futs\/","og_locale":"fr_FR","og_type":"article","og_title":"Bouteilles \/ F\u00fbts - Geographic Caf\u00e9","og_description":"\u20ac Bouteille Barbe \u00e0 Gaby 50cl 25,00 Bouteille Woodberries 1L 35,00 Bouteille Get 27 1L 45,00 Bouteille Blanc + soft 1L 45,00 Bouteille Manzana + soft 1L 45,00 Bouteille ap\u00e9ro 70 cl + soft 50,00 Bouteille ap\u00e9ro 1 L + soft 1L 60,00 Bouteille alcool 70 cl + soft 1L 65,00 Bouteille alcool 70 cl...","og_url":"https:\/\/geographic-cafe.com\/index.php\/menu\/bouteilles-futs\/","og_site_name":"Geographic Caf\u00e9","article_publisher":"https:\/\/www.facebook.com\/GeographicCafe","article_modified_time":"2021-12-30T16:33:07+00:00","og_image":[{"width":512,"height":512,"url":"https:\/\/geographic-cafe.com\/wp-content\/uploads\/2019\/07\/GEO_icon-1.png","type":"image\/png"}],"twitter_card":"summary_large_image","twitter_misc":{"Dur\u00e9e de lecture estim\u00e9e":"1 minute"},"schema":{"@context":"https:\/\/schema.org","@graph":[{"@type":"WebPage","@id":"https:\/\/geographic-cafe.com\/index.php\/menu\/bouteilles-futs\/","url":"https:\/\/geographic-cafe.com\/index.php\/menu\/bouteilles-futs\/","name":"Bouteilles \/ F\u00fbts - Geographic Caf\u00e9","isPartOf":{"@id":"https:\/\/geographic-cafe.com\/#website"},"datePublished":"2020-06-14T17:48:55+00:00","dateModified":"2021-12-30T16:33:07+00:00","breadcrumb":{"@id":"https:\/\/geographic-cafe.com\/index.php\/menu\/bouteilles-futs\/#breadcrumb"},"inLanguage":"fr-FR","potentialAction":[{"@type":"ReadAction","target":["https:\/\/geographic-cafe.com\/index.php\/menu\/bouteilles-futs\/"]}]},{"@type":"BreadcrumbList","@id":"https:\/\/geographic-cafe.com\/index.php\/menu\/bouteilles-futs\/#breadcrumb","itemListElement":[{"@type":"ListItem","position":1,"name":"Accueil","item":"https:\/\/geographic-cafe.com\/"},{"@type":"ListItem","position":2,"name":"MENU","item":"https:\/\/geographic-cafe.com\/index.php\/menu\/"},{"@type":"ListItem","position":3,"name":"Bouteilles \/ F\u00fbts"}]},{"@type":"WebSite","@id":"https:\/\/geographic-cafe.com\/#website","url":"https:\/\/geographic-cafe.com\/","name":"Geographic Caf\u00e9","description":"#NOGEONOFUN","publisher":{"@id":"https:\/\/geographic-cafe.com\/#organization"},"potentialAction":[{"@type":"SearchAction","target":{"@type":"EntryPoint","urlTemplate":"https:\/\/geographic-cafe.com\/?s={search_term_string}"},"query-input":"required name=search_term_string"}],"inLanguage":"fr-FR"},{"@type":"Organization","@id":"https:\/\/geographic-cafe.com\/#organization","name":"GEOGRAPHIC CAFE","url":"https:\/\/geographic-cafe.com\/","logo":{"@type":"ImageObject","inLanguage":"fr-FR","@id":"https:\/\/geographic-cafe.com\/#\/schema\/logo\/image\/","url":"https:\/\/geographic-cafe.com\/wp-content\/uploads\/2019\/07\/GEO_icon-1.png","contentUrl":"https:\/\/geographic-cafe.com\/wp-content\/uploads\/2019\/07\/GEO_icon-1.png","width":512,"height":512,"caption":"GEOGRAPHIC CAFE"},"image":{"@id":"https:\/\/geographic-cafe.com\/#\/schema\/logo\/image\/"},"sameAs":["https:\/\/www.facebook.com\/GeographicCafe"]}]}},"jetpack_sharing_enabled":true,"_links":{"self":[{"href":"https:\/\/geographic-cafe.com\/index.php\/wp-json\/wp\/v2\/pages\/197","targetHints":{"allow":["GET"]}}],"collection":[{"href":"https:\/\/geographic-cafe.com\/index.php\/wp-json\/wp\/v2\/pages"}],"about":[{"href":"https:\/\/geographic-cafe.com\/index.php\/wp-json\/wp\/v2\/types\/page"}],"author":[{"embeddable":true,"href":"https:\/\/geographic-cafe.com\/index.php\/wp-json\/wp\/v2\/users\/1"}],"replies":[{"embeddable":true,"href":"https:\/\/geographic-cafe.com\/index.php\/wp-json\/wp\/v2\/comments?post=197"}],"version-history":[{"count":3,"href":"https:\/\/geographic-cafe.com\/index.php\/wp-json\/wp\/v2\/pages\/197\/revisions"}],"predecessor-version":[{"id":238,"href":"https:\/\/geographic-cafe.com\/index.php\/wp-json\/wp\/v2\/pages\/197\/revisions\/238"}],"up":[{"embeddable":true,"href":"https:\/\/geographic-cafe.com\/index.php\/wp-json\/wp\/v2\/pages\/94"}],"wp:attachment":[{"href":"https:\/\/geographic-cafe.com\/index.php\/wp-json\/wp\/v2\/media?parent=197"}],"curies":[{"name":"wp","href":"https:\/\/api.w.org\/{rel}","templated":true}]}}